{"version":"1.0","provider_name":"UGT Ayuntamiento de Santander","provider_url":"https:\/\/ugtaytosantander.es\/portal","author_name":"dbolivar","author_url":"https:\/\/ugtaytosantander.es\/portal\/author\/dbolivar\/","title":"Contacto - UGT Ayuntamiento de Santander","type":"rich","width":600,"height":338,"html":"<blockquote class=\"wp-embedded-content\" data-secret=\"9cZEp8vlBn\"><a href=\"https:\/\/ugtaytosantander.es\/portal\/contacto\/\">Contacto<\/a><\/blockquote><iframe sandbox=\"allow-scripts\" security=\"restricted\" src=\"https:\/\/ugtaytosantander.es\/portal\/contacto\/embed\/#?secret=9cZEp8vlBn\" width=\"600\" height=\"338\" title=\"\u00abContacto\u00bb \u2014 UGT Ayuntamiento de Santander\" data-secret=\"9cZEp8vlBn\" frameborder=\"0\" marginwidth=\"0\" marginheight=\"0\" scrolling=\"no\" class=\"wp-embedded-content\"><\/iframe><script type=\"text\/javascript\">\n\/* <![CDATA[ *\/\n\/*! This file is auto-generated *\/\n!function(d,l){\"use strict\";l.querySelector&&d.addEventListener&&\"undefined\"!=typeof URL&&(d.wp=d.wp||{},d.wp.receiveEmbedMessage||(d.wp.receiveEmbedMessage=function(e){var t=e.data;if((t||t.secret||t.message||t.value)&&!\/[^a-zA-Z0-9]\/.test(t.secret)){for(var s,r,n,a=l.querySelectorAll('iframe[data-secret=\"'+t.secret+'\"]'),o=l.querySelectorAll('blockquote[data-secret=\"'+t.secret+'\"]'),c=new RegExp(\"^https?:$\",\"i\"),i=0;i<o.length;i++)o[i].style.display=\"none\";for(i=0;i<a.length;i++)s=a[i],e.source===s.contentWindow&&(s.removeAttribute(\"style\"),\"height\"===t.message?(1e3<(r=parseInt(t.value,10))?r=1e3:~~r<200&&(r=200),s.height=r):\"link\"===t.message&&(r=new URL(s.getAttribute(\"src\")),n=new URL(t.value),c.test(n.protocol))&&n.host===r.host&&l.activeElement===s&&(d.top.location.href=t.value))}},d.addEventListener(\"message\",d.wp.receiveEmbedMessage,!1),l.addEventListener(\"DOMContentLoaded\",function(){for(var e,t,s=l.querySelectorAll(\"iframe.wp-embedded-content\"),r=0;r<s.length;r++)(t=(e=s[r]).getAttribute(\"data-secret\"))||(t=Math.random().toString(36).substring(2,12),e.src+=\"#?secret=\"+t,e.setAttribute(\"data-secret\",t)),e.contentWindow.postMessage({message:\"ready\",secret:t},\"*\")},!1)))}(window,document);\n\/\/# sourceURL=https:\/\/ugtaytosantander.es\/portal\/wp-includes\/js\/wp-embed.min.js\n\/* ]]> *\/\n<\/script>\n","description":"Qu\u00e9 es la\u00a0Secci\u00f3n Sindical Ayto de Santander? La Secci\u00f3n Sindical es la organizaci\u00f3n que se da el Sindicato UGT en\u00a0el Ayuntamiento de\u00a0Santander para desarrollar sus tareas de defensa de los intereses de los trabajadores y, particularmente, de sus afiliados. La Secci\u00f3n Sindical es una instancia organizativa interna del Sindicato, que agrupa a todos los afiliados [&hellip;]"}

Qué es la Sección Sindical Ayto de Santander? La Sección Sindical es la organización que se da el Sindicato UGT en el Ayuntamiento de Santander para desarrollar sus tareas de defensa de los intereses de los trabajadores y, particularmente, de sus afiliados. La Sección Sindical es una instancia organizativa interna del Sindicato, que agrupa a todos los afiliados [&hellip;]
