{"id":1885,"date":"2019-05-21T14:01:54","date_gmt":"2019-05-21T12:01:54","guid":{"rendered":"http:\/\/ugtaytosantander.es\/portal\/?page_id=1885"},"modified":"2019-11-12T14:46:36","modified_gmt":"2019-11-12T13:46:36","slug":"contacto","status":"publish","type":"page","link":"https:\/\/ugtaytosantander.es\/portal\/contacto\/","title":{"rendered":"Contacto"},"content":{"rendered":"\r\n<h3 class=\"wp-block-heading\">Qu\u00e9 es la\u00a0Secci\u00f3n Sindical Ayto de Santander?<\/h3>\r\n\r\n\r\n\r\n<p style=\"text-align: justify;\">La Secci\u00f3n Sindical es la organizaci\u00f3n que se da el Sindicato UGT en\u00a0el Ayuntamiento de\u00a0Santander para desarrollar sus tareas de defensa de los intereses de los trabajadores y, particularmente, de sus afiliados. La Secci\u00f3n Sindical es una instancia organizativa interna del Sindicato, que agrupa a todos los afiliados en el Ayuntamiento de Santander y que organiza una Federaci\u00f3n determinada.\u00a0Y\u00a0\u00a0est\u00e1 a vuestra disposici\u00f3n en:<\/p>\r\n\r\n\r\n\r\n\r\n\r\n<p>FeSP-UGT C\/ RUALASAL, 8 \u2013 5\u00aa\u00a0 PLANTA<br \/>39001 SANTANDER<br \/>Tel\u00e9fonos: 942 36.27.65 &#8211; 942.22.76.39 &#8211; 942.36.47.68<\/p>\r\n\r\n\r\n\r\n<h3 class=\"wp-block-heading\">\u00bfQui\u00e9nes la formamos?<\/h3>\r\n\r\n\r\n\r\n<p style=\"text-align: justify;\">La Seccion Sindical UGT del Ayuntamiento de Santander afilia a todos los Empleados P\u00fablicos (personal laboral, funcionarios y estatutarios), que prestan servicios en el Ayuntamiento de Santander, asi como los trabajadores de entes o empresas de gesti\u00f3n indirecta al servicio p\u00fablico dependientes de \u00e9ste y los demandantes de primer empleo con expectativas de trabajo en las Administraciones P\u00fablicas.<a href=\"http:\/\/ugtaytosantander.es\/portal\/wp-content\/uploads\/2019\/11\/Delegados-y-Mesas-para-Web.pdf\">Y en concreto est\u00e1 compuesto por los siguientes compa\u00f1er@s:<\/a><\/p>\r\n\r\n\r\n\r\n\r\n\r\n\r\n\r\n<h3 class=\"wp-block-heading\">\u00bfC\u00f3mo nos organizamos?<\/h3>\r\n\r\n\r\n\r\n<p>Para una mejor acci\u00f3n sindical y cercan\u00eda a los afiliados y las afiliadas y trabajadores contamos con las estructuras organizativas cuya base es la Secci\u00f3n Sindical.<\/p>\r\n<h3>\u00bfC\u00f3mo os representamos. Mesas de Negociacion?<\/h3>\r\n<p>Estamos presentes en todas las Mesas de Negociaci\u00f3n y Comisiones de Seguimiento.<\/p>\r\n\r\n\r\n\r\n<h3 class=\"wp-block-heading\">Si quieres comunicarte con nosotros, rellena el siguiente formulario y nos pondremos en contacto a la mayor brevedad posible.\u00a0<\/h3>\r\n\n<div class=\"wpcf7 no-js\" id=\"wpcf7-f2063-o1\" lang=\"es-ES\" dir=\"ltr\" data-wpcf7-id=\"2063\">\n<div class=\"screen-reader-response\"><p role=\"status\" aria-live=\"polite\" aria-atomic=\"true\"><\/p> <ul><\/ul><\/div>\n<form action=\"\/portal\/wp-json\/wp\/v2\/pages\/1885#wpcf7-f2063-o1\" method=\"post\" class=\"wpcf7-form init\" aria-label=\"Formulario de contacto\" novalidate=\"novalidate\" data-status=\"init\">\n<fieldset class=\"hidden-fields-container\"><input type=\"hidden\" name=\"_wpcf7\" value=\"2063\" \/><input type=\"hidden\" name=\"_wpcf7_version\" value=\"6.1.4\" \/><input type=\"hidden\" name=\"_wpcf7_locale\" value=\"es_ES\" \/><input type=\"hidden\" name=\"_wpcf7_unit_tag\" value=\"wpcf7-f2063-o1\" \/><input type=\"hidden\" name=\"_wpcf7_container_post\" value=\"0\" \/><input type=\"hidden\" name=\"_wpcf7_posted_data_hash\" value=\"\" \/>\n<\/fieldset>\n<p><label> Nombre (obligatorio)<br \/>\n<span class=\"wpcf7-form-control-wrap\" data-name=\"your-name\"><input size=\"40\" maxlength=\"400\" class=\"wpcf7-form-control wpcf7-text wpcf7-validates-as-required\" aria-required=\"true\" aria-invalid=\"false\" value=\"\" type=\"text\" name=\"your-name\" \/><\/span> <\/label>\n<\/p>\n<p>\u00bfEres Afiliado? (obligatorio)<br \/>\n<span class=\"wpcf7-form-control-wrap\" data-name=\"Afiliado\"><select class=\"wpcf7-form-control wpcf7-select wpcf7-validates-as-required\" aria-required=\"true\" aria-invalid=\"false\" name=\"Afiliado\"><option value=\"\">&#8212;Por favor, elige una opci\u00f3n&#8212;<\/option><option value=\"Si\">Si<\/option><option value=\"No\">No<\/option><\/select><\/span>\n<\/p>\n<p><label> Tel\u00e9fono de contacto (opcional)<br \/>\n<span class=\"wpcf7-form-control-wrap\" data-name=\"tel-825\"><input size=\"40\" maxlength=\"400\" class=\"wpcf7-form-control wpcf7-tel wpcf7-text wpcf7-validates-as-tel\" aria-invalid=\"false\" value=\"\" type=\"tel\" name=\"tel-825\" \/><\/span> <\/label>\n<\/p>\n<p><label> Correo electr\u00f3nico (obligatorio)<br \/>\n<span class=\"wpcf7-form-control-wrap\" data-name=\"your-email\"><input size=\"40\" maxlength=\"400\" class=\"wpcf7-form-control wpcf7-email wpcf7-validates-as-required wpcf7-text wpcf7-validates-as-email\" aria-required=\"true\" aria-invalid=\"false\" value=\"\" type=\"email\" name=\"your-email\" \/><\/span> <\/label>\n<\/p>\n<p><label> Asunto (obligatorio)<br \/>\n<span class=\"wpcf7-form-control-wrap\" data-name=\"your-subject\"><input size=\"40\" maxlength=\"400\" class=\"wpcf7-form-control wpcf7-text wpcf7-validates-as-required\" aria-required=\"true\" aria-invalid=\"false\" value=\"\" type=\"text\" name=\"your-subject\" \/><\/span> <\/label>\n<\/p>\n<p><label> Consulta (obligatorio)<br \/>\n<span class=\"wpcf7-form-control-wrap\" data-name=\"your-message\"><textarea cols=\"40\" rows=\"10\" maxlength=\"2000\" class=\"wpcf7-form-control wpcf7-textarea wpcf7-validates-as-required\" aria-required=\"true\" aria-invalid=\"false\" name=\"your-message\"><\/textarea><\/span> <\/label>\n<\/p>\n<p><span class=\"wpcf7-form-control-wrap\" data-name=\"acceptance-446\"><span class=\"wpcf7-form-control wpcf7-acceptance\"><span class=\"wpcf7-list-item\"><label><input type=\"checkbox\" name=\"acceptance-446\" value=\"1\" aria-invalid=\"false\" \/><span class=\"wpcf7-list-item-label\">Debes aceptar <a href=\"http:\/\/ugtaytosantander.es\/portal\/politica-privacidad\/\" target=\"_blank\">la pol\u00edtica de privacidad<\/a> para realizar tu consulta<\/span><\/label><\/span><\/span><\/span>\n<\/p>\n<p>Responsable de los datos: FeSP UGT Cantabria<br \/>\nFinalidad de los datos: Env\u00edo de consultas y respuestas a dichas consultas.<br \/>\nAlmacenamiento de los datos: Base de datos alojada en CDMON. Los datos relativos a la consulta son destruidos al darla por finalizada.<br \/>\nDerechos: En cualquier momento puedes <a href=\"http:\/\/ugtaytosantander.es\/portal\/politica-privacidad\/\" target=\"_blank\">limitar, recuperar y borrar tu informaci\u00f3n<\/a>.\n<\/p>\n<p><input class=\"wpcf7-form-control wpcf7-submit has-spinner\" type=\"submit\" value=\"Enviar\" \/>\n<\/p><div class=\"wpcf7-response-output\" aria-hidden=\"true\"><\/div>\n<\/form>\n<\/div>\n\r\n<p>&nbsp;<\/p>\r\n","protected":false},"excerpt":{"rendered":"<p>Qu\u00e9 es la\u00a0Secci\u00f3n Sindical Ayto de Santander? La Secci\u00f3n Sindical es la organizaci\u00f3n que se da el Sindicato UGT en\u00a0el Ayuntamiento de\u00a0Santander para desarrollar sus tareas de defensa de los intereses de los trabajadores y, particularmente, de sus afiliados. La Secci\u00f3n Sindical es una instancia organizativa interna del Sindicato, que agrupa a todos los afiliados [&hellip;]<\/p>\n","protected":false},"author":1,"featured_media":0,"parent":0,"menu_order":0,"comment_status":"closed","ping_status":"closed","template":"","meta":{"_exactmetrics_skip_tracking":false,"_exactmetrics_sitenote_active":false,"_exactmetrics_sitenote_note":"","_exactmetrics_sitenote_category":0,"_genesis_hide_title":false,"_genesis_hide_breadcrumbs":false,"_genesis_hide_singular_image":false,"_genesis_hide_footer_widgets":false,"_genesis_custom_body_class":"","_genesis_custom_post_class":"","_genesis_layout":"","footnotes":""},"class_list":{"0":"post-1885","1":"page","2":"type-page","3":"status-publish","5":"entry"},"yoast_head":"<!-- This site is optimized with the Yoast SEO plugin v27.5 - https:\/\/yoast.com\/product\/yoast-seo-wordpress\/ -->\n<title>Contacto - UGT Ayuntamiento de Santander<\/title>\n<meta name=\"robots\" content=\"index, follow, max-snippet:-1, max-image-preview:large, max-video-preview:-1\" \/>\n<link rel=\"canonical\" href=\"https:\/\/ugtaytosantander.es\/portal\/contacto\/\" \/>\n<meta property=\"og:locale\" content=\"es_ES\" \/>\n<meta property=\"og:type\" content=\"article\" \/>\n<meta property=\"og:title\" content=\"Contacto - UGT Ayuntamiento de Santander\" \/>\n<meta property=\"og:description\" content=\"Qu\u00e9 es la\u00a0Secci\u00f3n Sindical Ayto de Santander? La Secci\u00f3n Sindical es la organizaci\u00f3n que se da el Sindicato UGT en\u00a0el Ayuntamiento de\u00a0Santander para desarrollar sus tareas de defensa de los intereses de los trabajadores y, particularmente, de sus afiliados. La Secci\u00f3n Sindical es una instancia organizativa interna del Sindicato, que agrupa a todos los afiliados [&hellip;]\" \/>\n<meta property=\"og:url\" content=\"https:\/\/ugtaytosantander.es\/portal\/contacto\/\" \/>\n<meta property=\"og:site_name\" content=\"UGT Ayuntamiento de Santander\" \/>\n<meta property=\"article:modified_time\" content=\"2019-11-12T13:46:36+00:00\" \/>\n<meta name=\"twitter:card\" content=\"summary_large_image\" \/>\n<meta name=\"twitter:label1\" content=\"Tiempo de lectura\" \/>\n\t<meta name=\"twitter:data1\" content=\"1 minuto\" \/>\n<script type=\"application\/ld+json\" class=\"yoast-schema-graph\">{\"@context\":\"https:\\\/\\\/schema.org\",\"@graph\":[{\"@type\":\"WebPage\",\"@id\":\"https:\\\/\\\/ugtaytosantander.es\\\/portal\\\/contacto\\\/\",\"url\":\"https:\\\/\\\/ugtaytosantander.es\\\/portal\\\/contacto\\\/\",\"name\":\"Contacto - UGT Ayuntamiento de Santander\",\"isPartOf\":{\"@id\":\"https:\\\/\\\/ugtaytosantander.es\\\/portal\\\/#website\"},\"datePublished\":\"2019-05-21T12:01:54+00:00\",\"dateModified\":\"2019-11-12T13:46:36+00:00\",\"breadcrumb\":{\"@id\":\"https:\\\/\\\/ugtaytosantander.es\\\/portal\\\/contacto\\\/#breadcrumb\"},\"inLanguage\":\"es\",\"potentialAction\":[{\"@type\":\"ReadAction\",\"target\":[\"https:\\\/\\\/ugtaytosantander.es\\\/portal\\\/contacto\\\/\"]}]},{\"@type\":\"BreadcrumbList\",\"@id\":\"https:\\\/\\\/ugtaytosantander.es\\\/portal\\\/contacto\\\/#breadcrumb\",\"itemListElement\":[{\"@type\":\"ListItem\",\"position\":1,\"name\":\"Portada\",\"item\":\"https:\\\/\\\/ugtaytosantander.es\\\/portal\\\/\"},{\"@type\":\"ListItem\",\"position\":2,\"name\":\"Contacto\"}]},{\"@type\":\"WebSite\",\"@id\":\"https:\\\/\\\/ugtaytosantander.es\\\/portal\\\/#website\",\"url\":\"https:\\\/\\\/ugtaytosantander.es\\\/portal\\\/\",\"name\":\"UGT Ayuntamiento de Santander\",\"description\":\"Seccion Sindical UGT Ayto Santander\",\"publisher\":{\"@id\":\"https:\\\/\\\/ugtaytosantander.es\\\/portal\\\/#organization\"},\"potentialAction\":[{\"@type\":\"SearchAction\",\"target\":{\"@type\":\"EntryPoint\",\"urlTemplate\":\"https:\\\/\\\/ugtaytosantander.es\\\/portal\\\/?s={search_term_string}\"},\"query-input\":{\"@type\":\"PropertyValueSpecification\",\"valueRequired\":true,\"valueName\":\"search_term_string\"}}],\"inLanguage\":\"es\"},{\"@type\":\"Organization\",\"@id\":\"https:\\\/\\\/ugtaytosantander.es\\\/portal\\\/#organization\",\"name\":\"Secci\u00f3n Sindical de UGT del Ayuntamiento de Santander\",\"url\":\"https:\\\/\\\/ugtaytosantander.es\\\/portal\\\/\",\"logo\":{\"@type\":\"ImageObject\",\"inLanguage\":\"es\",\"@id\":\"https:\\\/\\\/ugtaytosantander.es\\\/portal\\\/#\\\/schema\\\/logo\\\/image\\\/\",\"url\":\"https:\\\/\\\/ugtaytosantander.es\\\/portal\\\/wp-content\\\/uploads\\\/2019\\\/03\\\/Logo-FESP200.png\",\"contentUrl\":\"https:\\\/\\\/ugtaytosantander.es\\\/portal\\\/wp-content\\\/uploads\\\/2019\\\/03\\\/Logo-FESP200.png\",\"width\":200,\"height\":123,\"caption\":\"Secci\u00f3n Sindical de UGT del Ayuntamiento de Santander\"},\"image\":{\"@id\":\"https:\\\/\\\/ugtaytosantander.es\\\/portal\\\/#\\\/schema\\\/logo\\\/image\\\/\"}}]}<\/script>\n<!-- \/ Yoast SEO plugin. -->","yoast_head_json":{"title":"Contacto - UGT Ayuntamiento de Santander","robots":{"index":"index","follow":"follow","max-snippet":"max-snippet:-1","max-image-preview":"max-image-preview:large","max-video-preview":"max-video-preview:-1"},"canonical":"https:\/\/ugtaytosantander.es\/portal\/contacto\/","og_locale":"es_ES","og_type":"article","og_title":"Contacto - UGT Ayuntamiento de Santander","og_description":"Qu\u00e9 es la\u00a0Secci\u00f3n Sindical Ayto de Santander? La Secci\u00f3n Sindical es la organizaci\u00f3n que se da el Sindicato UGT en\u00a0el Ayuntamiento de\u00a0Santander para desarrollar sus tareas de defensa de los intereses de los trabajadores y, particularmente, de sus afiliados. La Secci\u00f3n Sindical es una instancia organizativa interna del Sindicato, que agrupa a todos los afiliados [&hellip;]","og_url":"https:\/\/ugtaytosantander.es\/portal\/contacto\/","og_site_name":"UGT Ayuntamiento de Santander","article_modified_time":"2019-11-12T13:46:36+00:00","twitter_card":"summary_large_image","twitter_misc":{"Tiempo de lectura":"1 minuto"},"schema":{"@context":"https:\/\/schema.org","@graph":[{"@type":"WebPage","@id":"https:\/\/ugtaytosantander.es\/portal\/contacto\/","url":"https:\/\/ugtaytosantander.es\/portal\/contacto\/","name":"Contacto - UGT Ayuntamiento de Santander","isPartOf":{"@id":"https:\/\/ugtaytosantander.es\/portal\/#website"},"datePublished":"2019-05-21T12:01:54+00:00","dateModified":"2019-11-12T13:46:36+00:00","breadcrumb":{"@id":"https:\/\/ugtaytosantander.es\/portal\/contacto\/#breadcrumb"},"inLanguage":"es","potentialAction":[{"@type":"ReadAction","target":["https:\/\/ugtaytosantander.es\/portal\/contacto\/"]}]},{"@type":"BreadcrumbList","@id":"https:\/\/ugtaytosantander.es\/portal\/contacto\/#breadcrumb","itemListElement":[{"@type":"ListItem","position":1,"name":"Portada","item":"https:\/\/ugtaytosantander.es\/portal\/"},{"@type":"ListItem","position":2,"name":"Contacto"}]},{"@type":"WebSite","@id":"https:\/\/ugtaytosantander.es\/portal\/#website","url":"https:\/\/ugtaytosantander.es\/portal\/","name":"UGT Ayuntamiento de Santander","description":"Seccion Sindical UGT Ayto Santander","publisher":{"@id":"https:\/\/ugtaytosantander.es\/portal\/#organization"},"potentialAction":[{"@type":"SearchAction","target":{"@type":"EntryPoint","urlTemplate":"https:\/\/ugtaytosantander.es\/portal\/?s={search_term_string}"},"query-input":{"@type":"PropertyValueSpecification","valueRequired":true,"valueName":"search_term_string"}}],"inLanguage":"es"},{"@type":"Organization","@id":"https:\/\/ugtaytosantander.es\/portal\/#organization","name":"Secci\u00f3n Sindical de UGT del Ayuntamiento de Santander","url":"https:\/\/ugtaytosantander.es\/portal\/","logo":{"@type":"ImageObject","inLanguage":"es","@id":"https:\/\/ugtaytosantander.es\/portal\/#\/schema\/logo\/image\/","url":"https:\/\/ugtaytosantander.es\/portal\/wp-content\/uploads\/2019\/03\/Logo-FESP200.png","contentUrl":"https:\/\/ugtaytosantander.es\/portal\/wp-content\/uploads\/2019\/03\/Logo-FESP200.png","width":200,"height":123,"caption":"Secci\u00f3n Sindical de UGT del Ayuntamiento de Santander"},"image":{"@id":"https:\/\/ugtaytosantander.es\/portal\/#\/schema\/logo\/image\/"}}]}},"publishpress_future_action":{"enabled":false,"date":"2026-05-06 14:27:02","action":"change-status","newStatus":"trash","terms":[],"taxonomy":"","extraData":[]},"publishpress_future_workflow_manual_trigger":{"enabledWorkflows":[]},"_links":{"self":[{"href":"https:\/\/ugtaytosantander.es\/portal\/wp-json\/wp\/v2\/pages\/1885","targetHints":{"allow":["GET"]}}],"collection":[{"href":"https:\/\/ugtaytosantander.es\/portal\/wp-json\/wp\/v2\/pages"}],"about":[{"href":"https:\/\/ugtaytosantander.es\/portal\/wp-json\/wp\/v2\/types\/page"}],"author":[{"embeddable":true,"href":"https:\/\/ugtaytosantander.es\/portal\/wp-json\/wp\/v2\/users\/1"}],"replies":[{"embeddable":true,"href":"https:\/\/ugtaytosantander.es\/portal\/wp-json\/wp\/v2\/comments?post=1885"}],"version-history":[{"count":26,"href":"https:\/\/ugtaytosantander.es\/portal\/wp-json\/wp\/v2\/pages\/1885\/revisions"}],"predecessor-version":[{"id":2355,"href":"https:\/\/ugtaytosantander.es\/portal\/wp-json\/wp\/v2\/pages\/1885\/revisions\/2355"}],"wp:attachment":[{"href":"https:\/\/ugtaytosantander.es\/portal\/wp-json\/wp\/v2\/media?parent=1885"}],"curies":[{"name":"wp","href":"https:\/\/api.w.org\/{rel}","templated":true}]}}